{"id":32572,"date":"2024-10-24T22:08:36","date_gmt":"2024-10-25T02:08:36","guid":{"rendered":"http:\/\/chocolatsleana.com\/?page_id=32572"},"modified":"2026-03-09T21:44:53","modified_gmt":"2026-03-10T01:44:53","slug":"les-sucons","status":"publish","type":"page","link":"https:\/\/chocolatsleana.com\/index.php\/les-sucons\/","title":{"rendered":"LES SU\u00c7ONS Noel"},"content":{"rendered":"<p>NOS SU\u00c7ONS<br \/>\nAjoutez une touche de magie gourmande \u00e0 vos f\u00eates avec nos su\u00e7ons en chocolat de No\u00ebl ! Ces d\u00e9lices festifs, en forme de p\u00e8re no\u00ebl et autres symboles de No\u00ebl, sont parfaits pour les petits et les grands. Nos su\u00e7ons allient plaisir visuel et saveur exquise.<br \/>\n\t\t\t\t\t\t\t<a href=\"http:\/\/chocolatsleana.com\/wp-content\/uploads\/2024\/10\/Le-renne-17g-135.jpg\" data-elementor-open-lightbox=\"yes\" data-elementor-lightbox-slideshow=\"989fff2\" data-elementor-lightbox-title=\"Le renne 17g\" data-e-action-hash=\"#elementor-action%3Aaction%3Dlightbox%26settings%3DeyJpZCI6MzIzMjYsInVybCI6Imh0dHA6XC9cL2Nob2NvbGF0c2xlYW5hLmNvbVwvd3AtY29udGVudFwvdXBsb2Fkc1wvMjAyNFwvMTBcL0xlLXJlbm5lLTE3Zy0xMzUuanBnIiwic2xpZGVzaG93IjoiOTg5ZmZmMiJ9\"><br \/>\n\t\t\t\t\t\t\t\t\t\t\t\t\t\t\t\t\t\tLe renne 17g<br \/>\n\t\t\t\t\t\t\t\t\t\t\t\t\t\t\t\t\t\t3$<br \/>\n\t\t\t\t\t\t\t\t\t<\/a><br \/>\n\t\t\t\t\t\t\t<a href=\"http:\/\/chocolatsleana.com\/wp-content\/uploads\/2024\/11\/Visuel-a-venir-3.jpg\" data-elementor-open-lightbox=\"yes\" data-elementor-lightbox-slideshow=\"989fff2\" data-elementor-lightbox-title=\"Le pe\u0300re noe\u0308l 33g\" data-e-action-hash=\"#elementor-action%3Aaction%3Dlightbox%26settings%3DeyJpZCI6MzQwNjMsInVybCI6Imh0dHA6XC9cL2Nob2NvbGF0c2xlYW5hLmNvbVwvd3AtY29udGVudFwvdXBsb2Fkc1wvMjAyNFwvMTFcL1Zpc3VlbC1hLXZlbmlyLTMuanBnIiwic2xpZGVzaG93IjoiOTg5ZmZmMiJ9\"><br \/>\n\t\t\t\t\t\t\t\t\t\t\t\t\t\t\t\t\t\tLe pe\u0300re noe\u0308l 33g<br \/>\n\t\t\t\t\t\t\t\t\t\t\t\t\t\t\t\t\t\t4$<br \/>\n\t\t\t\t\t\t\t\t\t<\/a><br \/>\n\t\t\t\t\t\t\t<a href=\"http:\/\/chocolatsleana.com\/wp-content\/uploads\/2024\/10\/Tete-bonhomme-37g-2.jpg\" data-elementor-open-lightbox=\"yes\" data-elementor-lightbox-slideshow=\"989fff2\" data-elementor-lightbox-title=\"Te\u0302te bonhomme 37g\" data-e-action-hash=\"#elementor-action%3Aaction%3Dlightbox%26settings%3DeyJpZCI6MzIzMjgsInVybCI6Imh0dHA6XC9cL2Nob2NvbGF0c2xlYW5hLmNvbVwvd3AtY29udGVudFwvdXBsb2Fkc1wvMjAyNFwvMTBcL1RldGUtYm9uaG9tbWUtMzdnLTIuanBnIiwic2xpZGVzaG93IjoiOTg5ZmZmMiJ9\"><br \/>\n\t\t\t\t\t\t\t\t\t\t\t\t\t\t\t\t\t\tTe\u0302te bonhomme 37g<br \/>\n\t\t\t\t\t\t\t\t\t\t\t\t\t\t\t\t\t\t3,50$<br \/>\n\t\t\t\t\t\t\t\t\t<\/a><br \/>\n\t\t\t\t\t\t\t<a href=\"http:\/\/chocolatsleana.com\/wp-content\/uploads\/2024\/10\/Tete-renne-45g-250.jpg\" data-elementor-open-lightbox=\"yes\" data-elementor-lightbox-slideshow=\"989fff2\" data-elementor-lightbox-title=\"Te\u0302te renne 45g\" data-e-action-hash=\"#elementor-action%3Aaction%3Dlightbox%26settings%3DeyJpZCI6MzIzMjksInVybCI6Imh0dHA6XC9cL2Nob2NvbGF0c2xlYW5hLmNvbVwvd3AtY29udGVudFwvdXBsb2Fkc1wvMjAyNFwvMTBcL1RldGUtcmVubmUtNDVnLTI1MC5qcGciLCJzbGlkZXNob3ciOiI5ODlmZmYyIn0%3D\"><br \/>\n\t\t\t\t\t\t\t\t\t\t\t\t\t\t\t\t\t\tTe\u0302te renne 45g<br \/>\n\t\t\t\t\t\t\t\t\t\t\t\t\t\t\t\t\t\t4,50$<br \/>\n\t\t\t\t\t\t\t\t\t<\/a><br \/>\n\t\t\t\t\t\t\t<a href=\"http:\/\/chocolatsleana.com\/wp-content\/uploads\/2024\/10\/Pere-noel-mosaique-60g-350.jpg\" data-elementor-open-lightbox=\"yes\" data-elementor-lightbox-slideshow=\"989fff2\" data-elementor-lightbox-title=\"Pe\u0300re noe\u0308l mosai\u0308que 60g\" data-e-action-hash=\"#elementor-action%3Aaction%3Dlightbox%26settings%3DeyJpZCI6MzIzMjcsInVybCI6Imh0dHA6XC9cL2Nob2NvbGF0c2xlYW5hLmNvbVwvd3AtY29udGVudFwvdXBsb2Fkc1wvMjAyNFwvMTBcL1BlcmUtbm9lbC1tb3NhaXF1ZS02MGctMzUwLmpwZyIsInNsaWRlc2hvdyI6Ijk4OWZmZjIifQ%3D%3D\"><br \/>\n\t\t\t\t\t\t\t\t\t\t\t\t\t\t\t\t\t\tPe\u0300re noe\u0308l mosai\u0308que 60g<br \/>\n\t\t\t\t\t\t\t\t\t\t\t\t\t\t\t\t\t\t5,50$<br \/>\n\t\t\t\t\t\t\t\t\t<\/a><\/p>\n","protected":false},"excerpt":{"rendered":"<p>NOS SU\u00c7ONS<br \/>\nAjoutez une touche de magie gourmande \u00e0 vos f\u00eates avec nos su\u00e7ons en chocolat de No\u00ebl ! Ces d\u00e9lices festifs, en forme de p\u00e8re no\u00ebl et autres symboles de &#8230;<\/p>\n","protected":false},"author":2,"featured_media":0,"parent":0,"menu_order":0,"comment_status":"closed","ping_status":"closed","template":"elementor_header_footer","meta":{"footnotes":""},"class_list":["post-32572","page","type-page","status-publish","hentry"],"aioseo_notices":[],"yoast_head":"<!-- This site is optimized with the Yoast SEO plugin v27.4 - https:\/\/yoast.com\/product\/yoast-seo-wordpress\/ -->\n<title>LES SU\u00c7ONS Noel - Chocolats L\u00e9ana<\/title>\n<meta name=\"description\" content=\"Sucettes en chocolat : des cr\u00e9ations artisanales gourmandes et ludiques pour tous les \u00e2ges. Livraison \u00e0 Montr\u00e9al et au Qu\u00e9bec.\" \/>\n<meta name=\"robots\" content=\"index, follow, max-snippet:-1, max-image-preview:large, max-video-preview:-1\" \/>\n<link rel=\"canonical\" href=\"https:\/\/chocolatsleana.com\/index.php\/les-sucons\/\" \/>\n<meta property=\"og:locale\" content=\"fr_FR\" \/>\n<meta property=\"og:type\" content=\"article\" \/>\n<meta property=\"og:title\" content=\"LES SU\u00c7ONS Noel - Chocolats L\u00e9ana\" \/>\n<meta property=\"og:description\" content=\"Sucettes en chocolat : des cr\u00e9ations artisanales gourmandes et ludiques pour tous les \u00e2ges. Livraison \u00e0 Montr\u00e9al et au Qu\u00e9bec.\" \/>\n<meta property=\"og:url\" content=\"https:\/\/chocolatsleana.com\/index.php\/les-sucons\/\" \/>\n<meta property=\"og:site_name\" content=\"Chocolats L\u00e9ana\" \/>\n<meta property=\"article:modified_time\" content=\"2026-03-10T01:44:53+00:00\" \/>\n<meta name=\"twitter:card\" content=\"summary_large_image\" \/>\n<meta name=\"twitter:label1\" content=\"Dur\u00e9e de lecture estim\u00e9e\" \/>\n\t<meta name=\"twitter:data1\" content=\"1 minute\" \/>\n<script type=\"application\/ld+json\" class=\"yoast-schema-graph\">{\"@context\":\"https:\\\/\\\/schema.org\",\"@graph\":[{\"@type\":\"WebPage\",\"@id\":\"https:\\\/\\\/chocolatsleana.com\\\/index.php\\\/les-sucons\\\/\",\"url\":\"https:\\\/\\\/chocolatsleana.com\\\/index.php\\\/les-sucons\\\/\",\"name\":\"LES SU\u00c7ONS Noel - Chocolats L\u00e9ana\",\"isPartOf\":{\"@id\":\"https:\\\/\\\/chocolatsleana.com\\\/#website\"},\"datePublished\":\"2024-10-25T02:08:36+00:00\",\"dateModified\":\"2026-03-10T01:44:53+00:00\",\"description\":\"Sucettes en chocolat : des cr\u00e9ations artisanales gourmandes et ludiques pour tous les \u00e2ges. Livraison \u00e0 Montr\u00e9al et au Qu\u00e9bec.\",\"breadcrumb\":{\"@id\":\"https:\\\/\\\/chocolatsleana.com\\\/index.php\\\/les-sucons\\\/#breadcrumb\"},\"inLanguage\":\"fr-FR\",\"potentialAction\":[{\"@type\":\"ReadAction\",\"target\":[\"https:\\\/\\\/chocolatsleana.com\\\/index.php\\\/les-sucons\\\/\"]}]},{\"@type\":\"BreadcrumbList\",\"@id\":\"https:\\\/\\\/chocolatsleana.com\\\/index.php\\\/les-sucons\\\/#breadcrumb\",\"itemListElement\":[{\"@type\":\"ListItem\",\"position\":1,\"name\":\"Accueil\",\"item\":\"http:\\\/\\\/chocolatsleana.com\\\/\"},{\"@type\":\"ListItem\",\"position\":2,\"name\":\"LES SU\u00c7ONS Noel\"}]},{\"@type\":\"WebSite\",\"@id\":\"https:\\\/\\\/chocolatsleana.com\\\/#website\",\"url\":\"https:\\\/\\\/chocolatsleana.com\\\/\",\"name\":\"Chocolats L\u00e9ana\",\"description\":\"Qualit\u00e9 et passion au service de vos papilles  -  (514)975-4985\",\"publisher\":{\"@id\":\"https:\\\/\\\/chocolatsleana.com\\\/#organization\"},\"potentialAction\":[{\"@type\":\"SearchAction\",\"target\":{\"@type\":\"EntryPoint\",\"urlTemplate\":\"https:\\\/\\\/chocolatsleana.com\\\/?s={search_term_string}\"},\"query-input\":{\"@type\":\"PropertyValueSpecification\",\"valueRequired\":true,\"valueName\":\"search_term_string\"}}],\"inLanguage\":\"fr-FR\"},{\"@type\":\"Organization\",\"@id\":\"https:\\\/\\\/chocolatsleana.com\\\/#organization\",\"name\":\"Chocolats L\u00e9ana\",\"url\":\"https:\\\/\\\/chocolatsleana.com\\\/\",\"logo\":{\"@type\":\"ImageObject\",\"inLanguage\":\"fr-FR\",\"@id\":\"https:\\\/\\\/chocolatsleana.com\\\/#\\\/schema\\\/logo\\\/image\\\/\",\"url\":\"https:\\\/\\\/chocolatsleana.com\\\/wp-content\\\/uploads\\\/2024\\\/10\\\/LOGO.jpg\",\"contentUrl\":\"https:\\\/\\\/chocolatsleana.com\\\/wp-content\\\/uploads\\\/2024\\\/10\\\/LOGO.jpg\",\"width\":1181,\"height\":1181,\"caption\":\"Chocolats L\u00e9ana\"},\"image\":{\"@id\":\"https:\\\/\\\/chocolatsleana.com\\\/#\\\/schema\\\/logo\\\/image\\\/\"}}]}<\/script>\n<!-- \/ Yoast SEO plugin. -->","yoast_head_json":{"title":"LES SU\u00c7ONS Noel - Chocolats L\u00e9ana","description":"Sucettes en chocolat : des cr\u00e9ations artisanales gourmandes et ludiques pour tous les \u00e2ges. Livraison \u00e0 Montr\u00e9al et au Qu\u00e9bec.","robots":{"index":"index","follow":"follow","max-snippet":"max-snippet:-1","max-image-preview":"max-image-preview:large","max-video-preview":"max-video-preview:-1"},"canonical":"https:\/\/chocolatsleana.com\/index.php\/les-sucons\/","og_locale":"fr_FR","og_type":"article","og_title":"LES SU\u00c7ONS Noel - Chocolats L\u00e9ana","og_description":"Sucettes en chocolat : des cr\u00e9ations artisanales gourmandes et ludiques pour tous les \u00e2ges. Livraison \u00e0 Montr\u00e9al et au Qu\u00e9bec.","og_url":"https:\/\/chocolatsleana.com\/index.php\/les-sucons\/","og_site_name":"Chocolats L\u00e9ana","article_modified_time":"2026-03-10T01:44:53+00:00","twitter_card":"summary_large_image","twitter_misc":{"Dur\u00e9e de lecture estim\u00e9e":"1 minute"},"schema":{"@context":"https:\/\/schema.org","@graph":[{"@type":"WebPage","@id":"https:\/\/chocolatsleana.com\/index.php\/les-sucons\/","url":"https:\/\/chocolatsleana.com\/index.php\/les-sucons\/","name":"LES SU\u00c7ONS Noel - Chocolats L\u00e9ana","isPartOf":{"@id":"https:\/\/chocolatsleana.com\/#website"},"datePublished":"2024-10-25T02:08:36+00:00","dateModified":"2026-03-10T01:44:53+00:00","description":"Sucettes en chocolat : des cr\u00e9ations artisanales gourmandes et ludiques pour tous les \u00e2ges. Livraison \u00e0 Montr\u00e9al et au Qu\u00e9bec.","breadcrumb":{"@id":"https:\/\/chocolatsleana.com\/index.php\/les-sucons\/#breadcrumb"},"inLanguage":"fr-FR","potentialAction":[{"@type":"ReadAction","target":["https:\/\/chocolatsleana.com\/index.php\/les-sucons\/"]}]},{"@type":"BreadcrumbList","@id":"https:\/\/chocolatsleana.com\/index.php\/les-sucons\/#breadcrumb","itemListElement":[{"@type":"ListItem","position":1,"name":"Accueil","item":"http:\/\/chocolatsleana.com\/"},{"@type":"ListItem","position":2,"name":"LES SU\u00c7ONS Noel"}]},{"@type":"WebSite","@id":"https:\/\/chocolatsleana.com\/#website","url":"https:\/\/chocolatsleana.com\/","name":"Chocolats L\u00e9ana","description":"Qualit\u00e9 et passion au service de vos papilles  -  (514)975-4985","publisher":{"@id":"https:\/\/chocolatsleana.com\/#organization"},"potentialAction":[{"@type":"SearchAction","target":{"@type":"EntryPoint","urlTemplate":"https:\/\/chocolatsleana.com\/?s={search_term_string}"},"query-input":{"@type":"PropertyValueSpecification","valueRequired":true,"valueName":"search_term_string"}}],"inLanguage":"fr-FR"},{"@type":"Organization","@id":"https:\/\/chocolatsleana.com\/#organization","name":"Chocolats L\u00e9ana","url":"https:\/\/chocolatsleana.com\/","logo":{"@type":"ImageObject","inLanguage":"fr-FR","@id":"https:\/\/chocolatsleana.com\/#\/schema\/logo\/image\/","url":"https:\/\/chocolatsleana.com\/wp-content\/uploads\/2024\/10\/LOGO.jpg","contentUrl":"https:\/\/chocolatsleana.com\/wp-content\/uploads\/2024\/10\/LOGO.jpg","width":1181,"height":1181,"caption":"Chocolats L\u00e9ana"},"image":{"@id":"https:\/\/chocolatsleana.com\/#\/schema\/logo\/image\/"}}]}},"_links":{"self":[{"href":"https:\/\/chocolatsleana.com\/index.php\/wp-json\/wp\/v2\/pages\/32572","targetHints":{"allow":["GET"]}}],"collection":[{"href":"https:\/\/chocolatsleana.com\/index.php\/wp-json\/wp\/v2\/pages"}],"about":[{"href":"https:\/\/chocolatsleana.com\/index.php\/wp-json\/wp\/v2\/types\/page"}],"author":[{"embeddable":true,"href":"https:\/\/chocolatsleana.com\/index.php\/wp-json\/wp\/v2\/users\/2"}],"replies":[{"embeddable":true,"href":"https:\/\/chocolatsleana.com\/index.php\/wp-json\/wp\/v2\/comments?post=32572"}],"version-history":[{"count":28,"href":"https:\/\/chocolatsleana.com\/index.php\/wp-json\/wp\/v2\/pages\/32572\/revisions"}],"predecessor-version":[{"id":34874,"href":"https:\/\/chocolatsleana.com\/index.php\/wp-json\/wp\/v2\/pages\/32572\/revisions\/34874"}],"wp:attachment":[{"href":"https:\/\/chocolatsleana.com\/index.php\/wp-json\/wp\/v2\/media?parent=32572"}],"curies":[{"name":"wp","href":"https:\/\/api.w.org\/{rel}","templated":true}]}}